atest common factor of 3997 and 105?
7
What is the highest common divisor of 280 and 19845?
35
Calculate the highest common factor of 144067 and 231.
77
Calculate the greatest common factor of 86095 and 603.
67
Calculate the highest common factor of 24 and 211596.
12
Calculate the greatest common factor of 3471 and 890.
89
What is the greatest common factor of 10516 and 8?
4
Calculate the highest common divisor of 19338 and 121.
11
What is the highest common divisor of 7 and 796901?
7
Calculate the highest common divisor of 32604 and 19.
19
Calculate the greatest common factor of 989251 and 1.
1
Calculate the greatest common divisor of 7296 and 773832.
456
What is the greatest common factor of 441406 and 656?
82
What is the highest common factor of 80 and 70340?
20
What is the highest common factor of 197540 and 59760?
1660
Calculate the highest common divisor of 4199 and 2869.
19
What is the highest common divisor of 53 and 33443?
53
What is the highest common divisor of 180 and 15588?
36
Calculate the highest common factor of 57 and 1172699.
19
Calculate the highest common factor of 494 and 1501162.
26
What is the highest common divisor of 104 and 47021?
13
Calculate the highest common divisor of 10260 and 4256.
76
Calculate the greatest common factor of 5570 and 5290.
10
Calculate the greatest common divisor of 14454 and 6862.
146
Calculate the greatest common divisor of 34 and 667267.
17
Calculate the greatest common divisor of 51975 and 847.
77
What is the highest common factor of 4316 and 1144?
52
What is the greatest common factor of 20 and 4222310?
10
Calculate the greatest common factor of 34993 and 63.
7
Calculate the highest common divisor of 21241 and 11.
11
What is the greatest common factor of 8284442 and 562?
562
What is the greatest common divisor of 1323705 and 19227?
1479
Calculate the highest common factor of 16336 and 7088.
16
What is the highest common divisor of 109155 and 8265?
285
Calculate the highest common factor of 34 and 108001.
17
What is the highest common divisor of 32 and 219056?
16
Calculate the greatest common divisor of 113342 and 2.
2
Calculate the greatest common divisor of 403 and 2964.
13
Calculate the greatest common divisor of 4204 and 48.
4
What is the highest common divisor of 36 and 791442?
18
Calculate the greatest common divisor of 18216 and 2392.
184
Calculate the highest common factor of 149 and 161069.
149
Calculate the greatest common divisor of 173 and 49132.
173
Calculate the greatest common divisor of 2510 and 221884.
502
What is the highest common factor of 150 and 20675?
25
What is the highest common divisor of 58 and 1126882?
58
Calculate the greatest common factor of 853634 and 61.
61
Calculate the highest common divisor of 126 and 238.
14
What is the greatest common divisor of 16 and 42304?
16
What is the greatest common divisor of 554 and 70358?
554
Calculate the highest common divisor of 5320088 and 24.
8
What is the highest common factor of 352 and 13838?
22
What is the highest common factor of 90 and 3727710?
90
What is the greatest common divisor of 1407648 and 31?
31
What is the greatest common factor of 217746 and 27?
9
What is the greatest common factor of 36 and 1962?
18
What is the highest common factor of 451 and 995357?
451
What is the greatest common factor of 6594 and 34818?
42
What is the greatest common factor of 64720 and 22?
2
Calculate the highest common divisor of 372 and 177.
3
Calculate the highest common divisor of 25872 and 36.
12
Calculate the greatest common divisor of 63364 and 84196.
868
What is the greatest common divisor of 1076 and 1468?
4
Calculate the highest common divisor of 60 and 268428.
12
What is the greatest common divisor of 1776 and 137418?
222
What is the highest common factor of 460 and 6885?
5
What is the highest common factor of 23571 and 729?
243
Calculate the greatest common factor of 18624 and 64.
64
What is the greatest common factor of 76264 and 536?
8
Calculate the highest common divisor of 22605 and 9460.
55
Calculate the greatest common divisor of 52 and 349583.
13
What is the greatest common factor of 1444669 and 163?
163
What is the highest common factor of 1202432 and 616?
616
What is the highest common factor of 5217 and 7332?
141
What is the highest common factor of 23267 and 1317?
439
What is the highest common factor of 762 and 20193?
381
What is the greatest common divisor of 157185 and 315?
315
What is the highest common divisor of 2666 and 38?
2
Calculate the greatest common factor of 1104155 and 65.
65
What is the highest common divisor of 322 and 68885?
23
What is the greatest common divisor of 144 and 149652?
36
Calculate the highest common factor of 56 and 623.
7
Calculate the greatest common factor of 127337 and 21.
7
What is the highest common factor of 6116 and 10274?
22
Calculate the greatest common factor of 460425 and 49.
7
What is the highest common divisor of 329 and 1161511?
47
Calculate the highest common factor of 1408 and 330.
22
Calculate the greatest common factor of 43552 and 64.
32
Calculate the greatest common factor of 21835 and 517.
11
What is the highest common divisor of 188 and 92825?
47
What is the highest common divisor of 14698192 and 268?
268
What is the greatest common factor of 102 and 29478?
102
Calculate the highest common factor of 657 and 39639.
219
What is the greatest common factor of 11728 and 123877?
733
What is the greatest common divisor of 465 and 69440?
155
What is the highest common divisor of 1632 and 1336512?
96
What is the greatest common divisor of 376184 and 3068?
236
Calculate the greatest common divisor of 33 and 78705.
33
Calculate the highest common divisor of 2 and 314963.
1
Calculate the greatest common factor of 958895 and 210.
35
Calculate the greatest common factor of 517160 and 42.
14
Calculate the highest common factor of 3000400 and 325.
325
What is the greatest common divisor of 12534 and 6372?
6
Calculate the highest common divisor of 20560 and 1880.
40
What is the highest common divisor of 143 and 1947?
11
What is the greatest common divisor of 48141 and 27?
27
What is the greatest common factor of 3965 and 5?
5
What is the greatest common divisor of 12100 and 40?
20
Calculate the highest common factor of 513 and 93852.
27
Calculate the highest common factor of 88 and 340747.
11
Calculate the greatest common divisor of 1542 and 449750.
514
Calculate the highest common divisor of 4332 and 418.
38
What is the highest common factor of 505 and 111403?
101
Calculate the highest common divisor of 195 and 57811.
13
What is the highest common divisor of 2119 and 39446?
163
Calculate the highest common divisor of 2277 and 18837621.
2277
What is the greatest common divisor of 17787 and 1353?
33
What is the greatest common factor of 167 and 678187?
167
Calculate the highest common divisor of 75408 and 96.
48
What is the greatest common factor of 590 and 22774?
118
What is the greatest common factor of 30 and 15846?
6
Calculate the greatest common divisor of 956 and 7.
1
Calculate the highest common divisor of 3 and 463575.
3
Calculate the highest common factor of 2072 and 2331.
259
Calculate the highest common factor of 159780 and 5.
5
What is the greatest common divisor of 260 and 299260?
260
What is the highest common divisor of 69746 and 186530?
1622
What is the highest common factor of 7024546 and 194?
194
Calculate the highest common divisor of 905 and 1760.
5
Calculate the greatest common factor of 1036 and 574.
14
Calculate the highest common factor of 282541 and 11403.
1267
What is the greatest common divisor of 70 and 9079?
7
What is the highest common divisor of 23426 and 544?
34
What is the highest common factor of 2624 and 7339?
41
Calculate the highest common divisor of 908339 and 31901.
1679
Calculate the highest common divisor of 4709383 and 574.
287
What is the highest common divisor of 4367 and 43?
1
What is the highest common factor of 1131 and 49416?
87
Calculate the highest common factor of 1479 and 969.
51
What is the greatest common factor of 78485 and 10?
5
What is the greatest common divisor of 125343 and 171?
171
What is the highest common divisor of 1100380 and 740?
740
What is the greatest common divisor of 784 and 2324?
28
Calculate the 